{"id":359,"date":"2026-04-25T20:02:26","date_gmt":"2026-04-25T20:02:26","guid":{"rendered":"http:\/\/www.sztukiperformatywne.pl\/?page_id=359"},"modified":"2026-04-27T14:40:27","modified_gmt":"2026-04-27T14:40:27","slug":"manifest","status":"publish","type":"page","link":"https:\/\/www.sztukiperformatywne.pl\/?page_id=359","title":{"rendered":"manifest"},"content":{"rendered":"\t\t<div data-elementor-type=\"wp-page\" data-elementor-id=\"359\" class=\"elementor elementor-359\" data-elementor-post-type=\"page\">\n\t\t\t\t<div class=\"elementor-element elementor-element-5b576094 e-flex e-con-boxed e-con e-parent\" data-id=\"5b576094\" data-element_type=\"container\" data-e-type=\"container\">\n\t\t\t\t\t<div class=\"e-con-inner\">\n\t\t<div class=\"elementor-element elementor-element-66478ab3 e-con-full e-transform e-flex e-con e-child\" data-id=\"66478ab3\" data-element_type=\"container\" data-e-type=\"container\" data-settings=\"{&quot;background_background&quot;:&quot;classic&quot;,&quot;_transform_rotateZ_effect&quot;:{&quot;unit&quot;:&quot;px&quot;,&quot;size&quot;:&quot;&quot;,&quot;sizes&quot;:[]},&quot;_transform_rotateZ_effect_tablet&quot;:{&quot;unit&quot;:&quot;deg&quot;,&quot;size&quot;:&quot;&quot;,&quot;sizes&quot;:[]},&quot;_transform_rotateZ_effect_mobile&quot;:{&quot;unit&quot;:&quot;deg&quot;,&quot;size&quot;:&quot;&quot;,&quot;sizes&quot;:[]}}\">\n\t\t\t\t<div class=\"elementor-element elementor-element-2aba4408 e-transform elementor-widget elementor-widget-heading\" data-id=\"2aba4408\" data-element_type=\"widget\" data-e-type=\"widget\" data-settings=\"{&quot;_transform_rotateZ_effect&quot;:{&quot;unit&quot;:&quot;px&quot;,&quot;size&quot;:90,&quot;sizes&quot;:[]},&quot;_transform_rotateZ_effect_tablet&quot;:{&quot;unit&quot;:&quot;deg&quot;,&quot;size&quot;:&quot;&quot;,&quot;sizes&quot;:[]},&quot;_transform_rotateZ_effect_mobile&quot;:{&quot;unit&quot;:&quot;deg&quot;,&quot;size&quot;:&quot;&quot;,&quot;sizes&quot;:[]}}\" data-widget_type=\"heading.default\">\n\t\t\t\t\t<h2 class=\"elementor-heading-title elementor-size-default\">manifest<\/h2>\t\t\t\t<\/div>\n\t\t\t\t<\/div>\n\t\t<div class=\"elementor-element elementor-element-2afaacca e-con-full e-flex e-con e-child\" data-id=\"2afaacca\" data-element_type=\"container\" data-e-type=\"container\" data-settings=\"{&quot;background_background&quot;:&quot;classic&quot;}\">\n\t\t\t\t<div class=\"elementor-element elementor-element-144ed1b elementor-widget elementor-widget-heading\" data-id=\"144ed1b\" data-element_type=\"widget\" data-e-type=\"widget\" data-widget_type=\"heading.default\">\n\t\t\t\t\t<h2 class=\"elementor-heading-title elementor-size-default\"><p><b><span style=\"font-size:18.0pt;line-height:115%;,sans-serif;color:black\">POLSKA SIE\u0106 SZTUK PERFORMATYWNYCH<br>manifest<\/span><\/b><span style=\"color: inherit;font-family: inherit;font-size: 2rem\"><\/span><\/p><\/h2>\t\t\t\t<\/div>\n\t\t\t\t<div class=\"elementor-element elementor-element-cf4a756 elementor-widget elementor-widget-text-editor\" data-id=\"cf4a756\" data-element_type=\"widget\" data-e-type=\"widget\" data-widget_type=\"text-editor.default\">\n\t\t\t\t\t\t\t\t\t<p><strong>Potrzebujemy tre\u015bci, kt\u00f3re maj\u0105 znaczenie.<\/strong><\/p><p><strong>Domagamy si\u0119 form, kt\u00f3re jeszcze nie istniej\u0105.<\/strong><\/p><p><strong>Tworzymy wiele scen, bo jedna to za ma\u0142o.<\/strong><\/p>\t\t\t\t\t\t\t\t<\/div>\n\t\t\t\t<div class=\"elementor-element elementor-element-7e16541 elementor-widget elementor-widget-text-editor\" data-id=\"7e16541\" data-element_type=\"widget\" data-e-type=\"widget\" data-widget_type=\"text-editor.default\">\n\t\t\t\t\t\t\t\t\t<p>Wierzymy, \u017ce prawdziwie wizjonerska sztuka nie wyrasta w komfortowych strukturach.<\/p>\t\t\t\t\t\t\t\t<\/div>\n\t\t\t\t<div class=\"elementor-element elementor-element-af72396 elementor-widget elementor-widget-text-editor\" data-id=\"af72396\" data-element_type=\"widget\" data-e-type=\"widget\" data-widget_type=\"text-editor.default\">\n\t\t\t\t\t\t\t\t\t<p>Powstaje w napi\u0119ciu. W sprzeciwie. W dzia\u0142aniach, kt\u00f3re nie pytaj\u0105 o zgod\u0119. W pracowniach, kt\u00f3re nie mieszcz\u0105 si\u0119 w oficjalnych narracjach. To w\u0142a\u015bnie tam \u2013 na obrze\u017cach \u2013 kszta\u0142tuj\u0105 si\u0119 nowe j\u0119zyki, nowe relacje, nowe sposoby odczuwania \u015bwiata. Dlatego nie zaczynamy od centrum. Zaczynamy od marginesu.<\/p><p>Historia teatru zna ten rytm. Ka\u017cda wielka zmiana by\u0142a na pocz\u0105tku gestem niepos\u0142usze\u0144stwa.<\/p>\t\t\t\t\t\t\t\t<\/div>\n\t\t\t\t<div class=\"elementor-element elementor-element-5da114c elementor-widget elementor-widget-text-editor\" data-id=\"5da114c\" data-element_type=\"widget\" data-e-type=\"widget\" data-widget_type=\"text-editor.default\">\n\t\t\t\t\t\t\t\t\t<p><strong>Dlatego dzia\u0142amy.<\/strong><\/p>\t\t\t\t\t\t\t\t<\/div>\n\t\t\t\t<div class=\"elementor-element elementor-element-00ace20 elementor-widget elementor-widget-text-editor\" data-id=\"00ace20\" data-element_type=\"widget\" data-e-type=\"widget\" data-widget_type=\"text-editor.default\">\n\t\t\t\t\t\t\t\t\t<p>Polski system teatralny, oparty na stabilno\u015bci instytucji i zamkni\u0119tych zespo\u0142ach, zapewnia ci\u0105g\u0142o\u015b\u0107 \u2013 lecz ogranicza ryzyko. A bez ryzyka nie ma ruchu. Bez ruchu nie ma \u017cycia. Bez \u017cycia nie ma sztuki.<\/p>\t\t\t\t\t\t\t\t<\/div>\n\t\t\t\t<div class=\"elementor-element elementor-element-0da6c35 elementor-widget elementor-widget-text-editor\" data-id=\"0da6c35\" data-element_type=\"widget\" data-e-type=\"widget\" data-widget_type=\"text-editor.default\">\n\t\t\t\t\t\t\t\t\t<p><strong>Polska Sie\u0107 Sztuk Performatywnych przywraca r\u00f3wnowag\u0119 w ekosystemie sztuki.<\/strong><\/p>\t\t\t\t\t\t\t\t<\/div>\n\t\t\t\t<div class=\"elementor-element elementor-element-2728b4b elementor-widget elementor-widget-text-editor\" data-id=\"2728b4b\" data-element_type=\"widget\" data-e-type=\"widget\" data-widget_type=\"text-editor.default\">\n\t\t\t\t\t\t\t\t\t<p>Tworzymy przestrze\u0144:<\/p>\n<p>w kt\u00f3rej eksperyment nie jest wyj\u0105tkiem, lecz zasad\u0105;<\/p>\n<p>w kt\u00f3rej niezale\u017cno\u015b\u0107 nie oznacza samotno\u015bci;<\/p>\n<p>w kt\u00f3rej wsp\u00f3\u0142praca staje si\u0119 narz\u0119dziem zmiany;<\/p>\n<p>w kt\u00f3rej r\u00f3\u017cnorodno\u015b\u0107 cia\u0142, umys\u0142\u00f3w, to\u017csamo\u015bci i do\u015bwiadcze\u0144 jest najwi\u0119ksz\u0105 si\u0142\u0105.<\/p>\t\t\t\t\t\t\t\t<\/div>\n\t\t\t\t<div class=\"elementor-element elementor-element-92ea925 elementor-widget elementor-widget-text-editor\" data-id=\"92ea925\" data-element_type=\"widget\" data-e-type=\"widget\" data-widget_type=\"text-editor.default\">\n\t\t\t\t\t\t\t\t\t<p><strong>Sze\u015b\u0107 o\u015brodk\u00f3w.<\/strong><\/p><p><strong>Wsp\u00f3lny program.<\/strong><\/p><p><strong>Realne wsparcie.<\/strong><\/p>\t\t\t\t\t\t\t\t<\/div>\n\t\t\t\t<div class=\"elementor-element elementor-element-6c2cd30 elementor-widget elementor-widget-text-editor\" data-id=\"6c2cd30\" data-element_type=\"widget\" data-e-type=\"widget\" data-widget_type=\"text-editor.default\">\n\t\t\t\t\t\t\t\t\t<p class=\"MsoNormal\"><span style=\"font-family: 'Graphik',serif; mso-bidi-font-family: Graphik;\">\u0141\u0105czymy do\u015bwiadczenie instytucji z dynamik\u0105 pracy artyst\u00f3w niezale\u017cnych. Budujemy zaplecze produkcyjne, kt\u00f3re umo\u017cliwia powstawanie nowych dzie\u0142 dost\u0119pnych dla szerokiej publiczno\u015bci \u2013 nie pomimo systemu, lecz dzi\u0119ki \u015bwiadomie wykorzystywanym i tworzonym strukturom.<\/span><\/p>\t\t\t\t\t\t\t\t<\/div>\n\t\t\t\t<div class=\"elementor-element elementor-element-c8f6700 elementor-widget elementor-widget-text-editor\" data-id=\"c8f6700\" data-element_type=\"widget\" data-e-type=\"widget\" data-widget_type=\"text-editor.default\">\n\t\t\t\t\t\t\t\t\t<p><b>Tworzymy sie\u0107, bo przysz\u0142o\u015b\u0107 jest relacyjna.<\/b><\/p>\t\t\t\t\t\t\t\t<\/div>\n\t\t\t\t<div class=\"elementor-element elementor-element-a0e0e82 elementor-widget elementor-widget-text-editor\" data-id=\"a0e0e82\" data-element_type=\"widget\" data-e-type=\"widget\" data-widget_type=\"text-editor.default\">\n\t\t\t\t\t\t\t\t\t<p class=\"MsoNormal\"><span style=\"font-family: 'Graphik',serif; mso-bidi-font-family: Graphik;\">Nasze dzia\u0142anie wpisuje si\u0119 w europejski horyzont sztuk performatywnych: wybieramy r\u00f3\u017cnorodno\u015b\u0107 zamiast jednorodno\u015bci, wra\u017cliwo\u015b\u0107 zamiast oboj\u0119tno\u015bci, mobilno\u015b\u0107 zamiast stagnacji.<\/span><\/p><p class=\"MsoNormal\"><span style=\"font-family: 'Graphik',serif; mso-bidi-font-family: Graphik;\">Wspieramy przep\u0142yw idei, ludzi i praktyk.<\/span><\/p><p class=\"MsoNormal\"><span style=\"font-family: 'Graphik',serif; mso-bidi-font-family: Graphik;\">Wierzymy w dialog. W sztuk\u0119 jako przestrze\u0144 spotkania.<\/span><\/p>\t\t\t\t\t\t\t\t<\/div>\n\t\t\t\t<div class=\"elementor-element elementor-element-9a8c392 elementor-widget elementor-widget-text-editor\" data-id=\"9a8c392\" data-element_type=\"widget\" data-e-type=\"widget\" data-widget_type=\"text-editor.default\">\n\t\t\t\t\t\t\t\t\t<p><b>To nie jest projekt.<\/b><\/p><p><b>To jest zobowi\u0105zanie.<\/b><\/p>\t\t\t\t\t\t\t\t<\/div>\n\t\t\t\t<div class=\"elementor-element elementor-element-a9feca1 elementor-widget elementor-widget-text-editor\" data-id=\"a9feca1\" data-element_type=\"widget\" data-e-type=\"widget\" data-widget_type=\"text-editor.default\">\n\t\t\t\t\t\t\t\t\t<p class=\"MsoNormal\"><span style=\"font-family: 'Graphik',serif; mso-bidi-font-family: Graphik;\">Zobowi\u0105zanie wobec artyst\u00f3w i artystek podejmuj\u0105cych ryzyko.<\/span><\/p><p class=\"MsoNormal\"><span style=\"font-family: 'Graphik',serif; mso-bidi-font-family: Graphik;\">Wobec publiczno\u015bci, kt\u00f3ra szuka do\u015bwiadcze\u0144 przekraczaj\u0105cych rzeczywisto\u015b\u0107.<\/span><\/p><p class=\"MsoNormal\"><span style=\"font-family: 'Graphik',serif; mso-bidi-font-family: Graphik;\">Wobec przysz\u0142o\u015bci, kt\u00f3ra potrzebuje nowych j\u0119zyk\u00f3w.<\/span><\/p>\t\t\t\t\t\t\t\t<\/div>\n\t\t\t\t<div class=\"elementor-element elementor-element-b85b292 elementor-widget elementor-widget-text-editor\" data-id=\"b85b292\" data-element_type=\"widget\" data-e-type=\"widget\" data-widget_type=\"text-editor.default\">\n\t\t\t\t\t\t\t\t\t<p><b>Plan na lata 2026 jest naszym manifestem w dzia\u0142aniu.<\/b><\/p>\t\t\t\t\t\t\t\t<\/div>\n\t\t\t\t<div class=\"elementor-element elementor-element-0c976d1 elementor-widget elementor-widget-text-editor\" data-id=\"0c976d1\" data-element_type=\"widget\" data-e-type=\"widget\" data-widget_type=\"text-editor.default\">\n\t\t\t\t\t\t\t\t\t<p class=\"MsoNormal\"><span style=\"font-family: 'Graphik',serif; mso-bidi-font-family: Graphik;\">Rok 2026 otwieramy premier\u0105 spektaklu Pracowni Prawa Performatywnego \u2013 wyrazistego, bezkompromisowego g\u0142osu obywatelskiego zaanga\u017cowania, w kt\u00f3rym scena staje si\u0119 przestrzeni\u0105 negocjowania prawa, wsp\u00f3lnoty i odpowiedzialno\u015bci.<\/span><\/p><p class=\"MsoNormal\"><span style=\"font-family: 'Graphik',serif; mso-bidi-font-family: Graphik;\">Rok 2027 przyniesie natomiast now\u0105 realizacj\u0119 Gosi Wdowik \u2013 artystki, kt\u00f3ra z wyj\u0105tkow\u0105 czu\u0142o\u015bci\u0105 i odwag\u0105 przekszta\u0142ca osobiste do\u015bwiadczenia w intensywne formy performatywne.<\/span><\/p><p class=\"MsoNormal\"><span style=\"font-family: 'Graphik',serif; mso-bidi-font-family: Graphik;\">R\u00f3wnolegle rozwijamy nurt otwarty: spektakle wy\u0142onione w drodze naboru \u2013 r\u00f3\u017cnorodne, zakorzenione w aktualnych idiomach, prezentowane w ca\u0142ej sieci, tworz\u0105ce wsp\u00f3lny puls sezon\u00f3w.<\/span><\/p>\t\t\t\t\t\t\t\t<\/div>\n\t\t\t\t<div class=\"elementor-element elementor-element-b24e9b1 elementor-widget elementor-widget-text-editor\" data-id=\"b24e9b1\" data-element_type=\"widget\" data-e-type=\"widget\" data-widget_type=\"text-editor.default\">\n\t\t\t\t\t\t\t\t\t<p><b>Nie budujemy jednej sceny.<\/b><\/p><p><b>Budujemy przestrze\u0144.<\/b><\/p>\t\t\t\t\t\t\t\t<\/div>\n\t\t\t\t<div class=\"elementor-element elementor-element-d4de1f8 elementor-widget elementor-widget-text-editor\" data-id=\"d4de1f8\" data-element_type=\"widget\" data-e-type=\"widget\" data-widget_type=\"text-editor.default\">\n\t\t\t\t\t\t\t\t\t<p class=\"MsoNormal\"><span style=\"font-family: 'Graphik',serif; mso-bidi-font-family: Graphik;\">Przestrze\u0144 wymiany i mo\u017cliwo\u015bci.<\/span><\/p><p class=\"MsoNormal\"><span style=\"font-family: 'Graphik',serif; mso-bidi-font-family: Graphik;\">Przestrze\u0144, w kt\u00f3rej sztuka nie jest dekoracj\u0105 rzeczywisto\u015bci, lecz narz\u0119dziem jej przekszta\u0142cania.<\/span><\/p>\t\t\t\t\t\t\t\t<\/div>\n\t\t\t\t<div class=\"elementor-element elementor-element-332b685 elementor-widget elementor-widget-text-editor\" data-id=\"332b685\" data-element_type=\"widget\" data-e-type=\"widget\" data-widget_type=\"text-editor.default\">\n\t\t\t\t\t\t\t\t\t<p><strong>Do\u0142\u0105cz do nas.<\/strong><\/p><p><strong>Tw\u00f3rz. Do\u015bwiadczaj. Kwestionuj.<\/strong><\/p>\t\t\t\t\t\t\t\t<\/div>\n\t\t\t\t<div class=\"elementor-element elementor-element-97ef550 elementor-widget elementor-widget-text-editor\" data-id=\"97ef550\" data-element_type=\"widget\" data-e-type=\"widget\" data-widget_type=\"text-editor.default\">\n\t\t\t\t\t\t\t\t\t<p class=\"MsoNormal\"><span style=\"font-family: 'Graphik',serif; mso-bidi-font-family: Graphik;\">Bo teatr nie jest miejscem.<\/span><\/p><p class=\"MsoNormal\">\u00a0<\/p><p class=\"MsoNormal\"><span style=\"font-family: 'Graphik',serif; mso-bidi-font-family: Graphik;\">Teatr jest dzia\u0142aniem.<\/span><\/p>\t\t\t\t\t\t\t\t<\/div>\n\t\t\t\t<div class=\"elementor-element elementor-element-a143dc4 elementor-widget elementor-widget-text-editor\" data-id=\"a143dc4\" data-element_type=\"widget\" data-e-type=\"widget\" data-widget_type=\"text-editor.default\">\n\t\t\t\t\t\t\t\t\t<p class=\"MsoNormal\"><span style=\"font-family: 'Graphik',serif; mso-bidi-font-family: Graphik;\">Bo teatr nie jest miejscem.<\/span><\/p><p class=\"MsoNormal\"><span style=\"font-family: 'Graphik',serif; mso-bidi-font-family: Graphik;\">Teatr jest dzia\u0142aniem.<\/span><\/p>\t\t\t\t\t\t\t\t<\/div>\n\t\t\t\t<div class=\"elementor-element elementor-element-ab3a493 elementor-widget-divider--view-line elementor-widget elementor-widget-divider\" data-id=\"ab3a493\" data-element_type=\"widget\" data-e-type=\"widget\" data-widget_type=\"divider.default\">\n\t\t\t\t\t\t\t<div class=\"elementor-divider\">\n\t\t\t<span class=\"elementor-divider-separator\">\n\t\t\t\t\t\t<\/span>\n\t\t<\/div>\n\t\t\t\t\t\t<\/div>\n\t\t\t\t<div class=\"elementor-element elementor-element-aceab16 elementor-widget elementor-widget-text-editor\" data-id=\"aceab16\" data-element_type=\"widget\" data-e-type=\"widget\" data-widget_type=\"text-editor.default\">\n\t\t\t\t\t\t\t\t\t<p>Polska Sie\u0107 Sztuk Performatywnych:\u200b<\/p>\t\t\t\t\t\t\t\t<\/div>\n\t\t\t\t<div class=\"elementor-element elementor-element-8082165 elementor-widget elementor-widget-text-editor\" data-id=\"8082165\" data-element_type=\"widget\" data-e-type=\"widget\" data-widget_type=\"text-editor.default\">\n\t\t\t\t\t\t\t\t\t<p><span style=\"font-size: 1rem;\">\u2022 Instytut Kultury Miejskiej (Gda\u0144sk), https:\/\/ikm.gda.pl<\/span><\/p><p><span style=\"font-size: 1rem;\">\u2022 Teatr Komuna Warszawa (Warszawa), https:\/\/komuna.warszawa.pl<\/span><\/p><p><span style=\"font-size: 1rem;\">\u2022 Centrum Kultury ZAMEK (Pozna\u0144), https:\/\/ckzamek.pl<\/span><\/p><p><span style=\"font-size: 1rem;\">\u2022 Centrum Kultury (Lublin), https:\/\/ck.lublin.pl<\/span><\/p><p><span style=\"font-size: 1rem;\">\u2022 \u201ePawilon\u201d (Pozna\u0144), https:\/\/pawilon.org<\/span><\/p><p><span style=\"font-size: 1rem;\">\u2022 Teatr Kana (Szczecin), https:\/\/www.teatrkana.pl<\/span><\/p>\t\t\t\t\t\t\t\t<\/div>\n\t\t\t\t<\/div>\n\t\t\t\t\t<\/div>\n\t\t\t\t<\/div>\n\t\t\t\t<\/div>\n\t\t","protected":false},"excerpt":{"rendered":"<p>manifest POLSKA SIE\u0106 SZTUK PERFORMATYWNYCHmanifest Potrzebujemy tre\u015bci, kt\u00f3re maj\u0105 znaczenie. Domagamy si\u0119 form, kt\u00f3re jeszcze nie istniej\u0105. Tworzymy wiele scen, bo jedna to za ma\u0142o. Wierzymy, \u017ce prawdziwie wizjonerska sztuka nie wyrasta w komfortowych strukturach. Powstaje w napi\u0119ciu. W sprzeciwie. W dzia\u0142aniach, kt\u00f3re nie pytaj\u0105 o zgod\u0119. W pracowniach, kt\u00f3re nie mieszcz\u0105 si\u0119 w oficjalnych [&hellip;]<\/p>\n","protected":false},"author":1,"featured_media":0,"parent":290,"menu_order":0,"comment_status":"closed","ping_status":"closed","template":"","meta":{"footnotes":""},"class_list":["post-359","page","type-page","status-publish","hentry"],"_links":{"self":[{"href":"https:\/\/www.sztukiperformatywne.pl\/index.php?rest_route=\/wp\/v2\/pages\/359","targetHints":{"allow":["GET"]}}],"collection":[{"href":"https:\/\/www.sztukiperformatywne.pl\/index.php?rest_route=\/wp\/v2\/pages"}],"about":[{"href":"https:\/\/www.sztukiperformatywne.pl\/index.php?rest_route=\/wp\/v2\/types\/page"}],"author":[{"embeddable":true,"href":"https:\/\/www.sztukiperformatywne.pl\/index.php?rest_route=\/wp\/v2\/users\/1"}],"replies":[{"embeddable":true,"href":"https:\/\/www.sztukiperformatywne.pl\/index.php?rest_route=%2Fwp%2Fv2%2Fcomments&post=359"}],"version-history":[{"count":23,"href":"https:\/\/www.sztukiperformatywne.pl\/index.php?rest_route=\/wp\/v2\/pages\/359\/revisions"}],"predecessor-version":[{"id":922,"href":"https:\/\/www.sztukiperformatywne.pl\/index.php?rest_route=\/wp\/v2\/pages\/359\/revisions\/922"}],"up":[{"embeddable":true,"href":"https:\/\/www.sztukiperformatywne.pl\/index.php?rest_route=\/wp\/v2\/pages\/290"}],"wp:attachment":[{"href":"https:\/\/www.sztukiperformatywne.pl\/index.php?rest_route=%2Fwp%2Fv2%2Fmedia&parent=359"}],"curies":[{"name":"wp","href":"https:\/\/api.w.org\/{rel}","templated":true}]}}