{"id":309,"date":"2026-04-24T16:44:47","date_gmt":"2026-04-24T16:44:47","guid":{"rendered":"http:\/\/www.sztukiperformatywne.pl\/?page_id=309"},"modified":"2026-04-27T15:10:31","modified_gmt":"2026-04-27T15:10:31","slug":"siec","status":"publish","type":"page","link":"https:\/\/www.sztukiperformatywne.pl\/?page_id=309","title":{"rendered":"sie\u0107"},"content":{"rendered":"\t\t<div data-elementor-type=\"wp-page\" data-elementor-id=\"309\" class=\"elementor elementor-309\" data-elementor-post-type=\"page\">\n\t\t\t\t<div class=\"elementor-element elementor-element-1d6b35da e-flex e-con-boxed e-con e-parent\" data-id=\"1d6b35da\" data-element_type=\"container\" data-e-type=\"container\">\n\t\t\t\t\t<div class=\"e-con-inner\">\n\t\t<div class=\"elementor-element elementor-element-7adb1c59 e-con-full e-transform e-flex e-con e-child\" data-id=\"7adb1c59\" data-element_type=\"container\" data-e-type=\"container\" data-settings=\"{&quot;background_background&quot;:&quot;classic&quot;,&quot;_transform_rotateZ_effect&quot;:{&quot;unit&quot;:&quot;px&quot;,&quot;size&quot;:&quot;&quot;,&quot;sizes&quot;:[]},&quot;_transform_rotateZ_effect_tablet&quot;:{&quot;unit&quot;:&quot;deg&quot;,&quot;size&quot;:&quot;&quot;,&quot;sizes&quot;:[]},&quot;_transform_rotateZ_effect_mobile&quot;:{&quot;unit&quot;:&quot;deg&quot;,&quot;size&quot;:&quot;&quot;,&quot;sizes&quot;:[]}}\">\n\t\t\t\t<div class=\"elementor-element elementor-element-1d3c19b6 e-transform elementor-widget elementor-widget-heading\" data-id=\"1d3c19b6\" data-element_type=\"widget\" data-e-type=\"widget\" data-settings=\"{&quot;_transform_rotateZ_effect&quot;:{&quot;unit&quot;:&quot;px&quot;,&quot;size&quot;:90,&quot;sizes&quot;:[]},&quot;_transform_rotateZ_effect_tablet&quot;:{&quot;unit&quot;:&quot;deg&quot;,&quot;size&quot;:&quot;&quot;,&quot;sizes&quot;:[]},&quot;_transform_rotateZ_effect_mobile&quot;:{&quot;unit&quot;:&quot;deg&quot;,&quot;size&quot;:&quot;&quot;,&quot;sizes&quot;:[]}}\" data-widget_type=\"heading.default\">\n\t\t\t\t\t<h2 class=\"elementor-heading-title elementor-size-default\">sie\u0107<\/h2>\t\t\t\t<\/div>\n\t\t\t\t<\/div>\n\t\t<div class=\"elementor-element elementor-element-3059dc9b e-con-full e-flex e-con e-child\" data-id=\"3059dc9b\" data-element_type=\"container\" data-e-type=\"container\" data-settings=\"{&quot;background_background&quot;:&quot;classic&quot;}\">\n\t\t\t\t<div class=\"elementor-element elementor-element-cd5ec4c elementor-widget elementor-widget-heading\" data-id=\"cd5ec4c\" data-element_type=\"widget\" data-e-type=\"widget\" data-widget_type=\"heading.default\">\n\t\t\t\t\t<h2 class=\"elementor-heading-title elementor-size-default\">Instytucje wsp\u00f3\u0142tworz\u0105ce PSSP<\/h2>\t\t\t\t<\/div>\n\t\t\t\t<div class=\"elementor-element elementor-element-88c7a62 elementor-widget elementor-widget-text-editor\" data-id=\"88c7a62\" data-element_type=\"widget\" data-e-type=\"widget\" data-widget_type=\"text-editor.default\">\n\t\t\t\t\t\t\t\t\t<p class=\"is-style-default\"><strong>\u00a0Instytucje wsp\u00f3\u0142tworz\u0105ce PSSP:<\/strong><\/p><p class=\"has-stix-two-text-font-family\"><a href=\"https:\/\/ikm.gda.pl\/\" target=\"_blank\" rel=\"noreferrer noopener\">Instytut Kultury Miejskiej, Gda\u0144sk<\/a><\/p><p><a href=\"https:\/\/komuna.warszawa.pl\/pl\/\" target=\"_blank\" rel=\"noreferrer noopener\">Teatr Komuna Warszawa, Warszawa<\/a><\/p><p class=\"has-stix-two-text-font-family\"><a href=\"https:\/\/ckzamek.pl\/\" target=\"_blank\" rel=\"noreferrer noopener\">Centrum Kultury ZAMEK, Pozna\u0144<\/a><\/p><p><a href=\"https:\/\/ck.lublin.pl\/\" target=\"_blank\" rel=\"noreferrer noopener\">Centrum Kultury, Lublin<\/a><\/p><p class=\"has-stix-two-text-font-family\"><a href=\"https:\/\/pawilon.org\/\" target=\"_blank\" rel=\"noreferrer noopener\">\u201ePawilon\u201d, Pozna\u0144<\/a><\/p><p><a href=\"https:\/\/www.teatrkana.pl\/pl\" target=\"_blank\" rel=\"noreferrer noopener\">Teatr Kana, Szczecin<\/a><\/p>\t\t\t\t\t\t\t\t<\/div>\n\t\t\t\t<\/div>\n\t\t\t\t\t<\/div>\n\t\t\t\t<\/div>\n\t\t\t\t<\/div>\n\t\t","protected":false},"excerpt":{"rendered":"<p>sie\u0107 Instytucje wsp\u00f3\u0142tworz\u0105ce PSSP \u00a0Instytucje wsp\u00f3\u0142tworz\u0105ce PSSP: Instytut Kultury Miejskiej, Gda\u0144sk Teatr Komuna Warszawa, Warszawa Centrum Kultury ZAMEK, Pozna\u0144 Centrum Kultury, Lublin \u201ePawilon\u201d, Pozna\u0144 Teatr Kana, Szczecin<\/p>\n","protected":false},"author":1,"featured_media":0,"parent":290,"menu_order":0,"comment_status":"closed","ping_status":"closed","template":"","meta":{"footnotes":""},"class_list":["post-309","page","type-page","status-publish","hentry"],"_links":{"self":[{"href":"https:\/\/www.sztukiperformatywne.pl\/index.php?rest_route=\/wp\/v2\/pages\/309","targetHints":{"allow":["GET"]}}],"collection":[{"href":"https:\/\/www.sztukiperformatywne.pl\/index.php?rest_route=\/wp\/v2\/pages"}],"about":[{"href":"https:\/\/www.sztukiperformatywne.pl\/index.php?rest_route=\/wp\/v2\/types\/page"}],"author":[{"embeddable":true,"href":"https:\/\/www.sztukiperformatywne.pl\/index.php?rest_route=\/wp\/v2\/users\/1"}],"replies":[{"embeddable":true,"href":"https:\/\/www.sztukiperformatywne.pl\/index.php?rest_route=%2Fwp%2Fv2%2Fcomments&post=309"}],"version-history":[{"count":49,"href":"https:\/\/www.sztukiperformatywne.pl\/index.php?rest_route=\/wp\/v2\/pages\/309\/revisions"}],"predecessor-version":[{"id":950,"href":"https:\/\/www.sztukiperformatywne.pl\/index.php?rest_route=\/wp\/v2\/pages\/309\/revisions\/950"}],"up":[{"embeddable":true,"href":"https:\/\/www.sztukiperformatywne.pl\/index.php?rest_route=\/wp\/v2\/pages\/290"}],"wp:attachment":[{"href":"https:\/\/www.sztukiperformatywne.pl\/index.php?rest_route=%2Fwp%2Fv2%2Fmedia&parent=309"}],"curies":[{"name":"wp","href":"https:\/\/api.w.org\/{rel}","templated":true}]}}